 base 11, what is -6a8 - 155?
-852
In base 13, what is -2 + -113b4b?
-113b50
In base 5, what is -3441432 + 4?
-3441423
In base 13, what is 9 - -2384?
2390
In base 13, what is -6825 + 0?
-6825
In base 5, what is 100103 - 11?
100042
In base 4, what is -120 + -3302030?
-3302210
In base 4, what is 213 - -1031130?
1032003
In base 3, what is -2011200222 + 1?
-2011200221
In base 2, what is 11011111001 + 100000?
11100011001
In base 4, what is 3320232200 - 2?
3320232132
In base 16, what is 271 - 46?
22b
In base 7, what is -1 - -2030550?
2030546
In base 12, what is -2 + 4a14?
4a12
In base 13, what is -10 - 36c56?
-36c66
In base 3, what is -100112001222 + 2?
-100112001220
In base 7, what is 4 + 665416?
665423
In base 3, what is 10 - 21101222121?
-21101222111
In base 13, what is 39 + 80c?
848
In base 16, what is 3bab + 0?
3bab
In base 3, what is 2 + 112121112120?
112121112122
In base 15, what is -99dc4 - 0?
-99dc4
In base 15, what is 3b - bd8?
-b9c
In base 12, what is 1425 - 4?
1421
In base 7, what is -134 - 12150?
-12314
In base 14, what is -257802 - 1?
-257803
In base 13, what is 8ac - a?
8a2
In base 13, what is 28a5 - 6?
289c
In base 12, what is 4271b6 + -4?
4271b2
In base 16, what is 1a3 + 121?
2c4
In base 8, what is 73307 + -1?
73306
In base 5, what is -41310 + -140?
-42000
In base 15, what is -ad8 + 52?
-a86
In base 10, what is -31236 + -1?
-31237
In base 5, what is 2 - 124303?
-124301
In base 2, what is -110000111111 + -10110?
-110001010101
In base 15, what is 5 + -331e?
-3319
In base 16, what is b05cf + 5?
b05d4
In base 14, what is 11 - 3365?
-3354
In base 3, what is -110 + -12120010102?
-12120010212
In base 7, what is 1033 - 3204?
-2141
In base 9, what is -3867 + 5?
-3862
In base 2, what is 0 - 1000010101000?
-1000010101000
In base 9, what is 173 + 667?
851
In base 10, what is 25 - 4303?
-4278
In base 2, what is -101100 - 101000011100000?
-101000100001100
In base 6, what is 11434 - -10105?
21543
In base 13, what is 60 - 45a2?
-4542
In base 4, what is -11202033 - 2?
-11202101
In base 8, what is 40325 - 5?
40320
In base 16, what is 0 - 17f8a?
-17f8a
In base 10, what is -7328 - -18?
-7310
In base 9, what is 4 - 788?
-784
In base 7, what is -6363 - -2?
-6361
In base 6, what is -4 + -113250?
-113254
In base 7, what is 14223 + -1?
14222
In base 4, what is 11 + 12100001?
12100012
In base 2, what is 10011100010001000 + -101?
10011100010000011
In base 11, what is -25a7 - 32?
-2629
In base 12, what is 6 - 3b27a?
-3b274
In base 5, what is 2 - 4000?
-3443
In base 10, what is 1 - -13958?
13959
In base 8, what is -30226636 - -5?
-30226631
In base 5, what is -42 + 114144?
114102
In base 11, what is -9058 - -39?
-901a
In base 15, what is -223cc - -4?
-223c8
In base 11, what is -368739 + -4?
-368742
In base 4, what is 32033100 - 23?
32033011
In base 2, what is -1100001111000 + 10000?
-1100001101000
In base 13, what is -13 - 2b0a4?
-2b0b7
In base 9, what is 2 - 1602413?
-1602411
In base 7, what is -203336 + -32?
-203401
In base 9, what is -2 + 513043?
513041
In base 7, what is -112 - -15640?
15525
In base 16, what is 157b - 6f?
150c
In base 11, what is -187 + 12a?
-58
In base 10, what is -138 - -3499?
3361
In base 3, what is -220010200212 - 10?
-220010200222
In base 9, what is 721 + -1183?
-362
In base 12, what is 304 - -348?
650
In base 7, what is 0 - 665611?
-665611
In base 13, what is 1 - 125b0?
-125ac
In base 15, what is -5019b - 3?
-5019e
In base 12, what is -105 - -761?
658
In base 13, what is 2a221 + -4?
2a21a
In base 15, what is -62b6 + -1?
-62b7
In base 6, what is 1 - 1022321?
-1022320
In base 16, what is 3 - 747f?
-747c
In base 14, what is -9dcbd + 2?
-9dcbb
In base 14, what is -1725 + -cb?
-1812
In base 10, what is 173 + -148?
25
In base 13, what is -66cbbb + 0?
-66cbbb
In base 15, what is -4296d - 3?
-42971
In base 14, what is -8 + -1815b?
-18165
In base 13, what is 6a071 - -3?
6a074
In base 11, what is 740743 + -5?
740739
In base 9, what is -2 + 65225?
65223
In base 16, what is -6a70 + 2?
-6a6e
In base 13, what is -2 - 2a688?
-2a68a
In base 13, what is 33 + 2043?
2076
In base 10, what is -6270 - 3?
-6273
In base 6, what is 22235 + 404?
23043
In base 6, what is 130 - 145044?
-144514
In base 5, what is -1 - -143320?
143314
In base 14, what is -4b80aa - 0?
-4b80aa
In base 16, what is 1 - 320f?
-320e
In base 11, what is -50 + -12912?
-12962
In base 12, what is 86 - -288?
352
In base 3, what is 2 + 22112021112?
22112021121
In base 14, what is -2 + 1ccb6?
1ccb4
In base 3, what is 212210102000 + 12?
212210102012
In base 11, what is -2097994 - -1?
-2097993
In base 10, what is 680 + 41?
721
In base 5, what is 444414 + -10?
444404
In base 10, what is -5 - 68455?
-68460
In base 4, what is -201200321 - -2?
-201200313
In base 5, what is -42013413 + -1?
-42013414
In base 10, what is -9 - 50628?
-50637
In base 4, what is -110322112 + 3?
-110322103
In base 5, what is -30123 - 243?
-30421
In base 3, what is 1 + -1220022020002?
-1220022020001
In base 3, what is -1100101002 - -11?
-1100100221
In base 10, what is -3097 + 14?
-3083
In base 11, what is 0 + -9110?
-9110
In base 12, what is 106a - 351?
919
In base 5, what is 212322 - -22?
212344
In base 10, what is 748 - 5?
743
In base 12, what is 49 - 4a95a?
-4a911
In base 3, what is -1122012 - -12002?
-1110010
In base 13, what is -914a + a5?
-9075
In base 8, what is -1126 - -41?
-1065
In base 11, what is 30482 + 5?
30487
In base 12, what is -13 + 3237?
3224
In base 14, what is -2b828 - 37?
-2b861
In base 9, what is 84427 - 4?
84423
In base 13, what is 30 - 1523?
-14c3
In base 16, what is 1 + -28932?
-28931
In base 4, what is 1103020 - 10131?
1032223
In base 3, what is -121221 + 22?
-121122
In base 7, what is -3436 + 2453?
-653
In base 5, what is 434414 + 34?
440003
In base 13, what is 92871 - -4?
92875
In base 8, what is -140136 + 7?
-140127
In base 7, what is -5 - -3460630?
3460622
In base 9, what is -1 + 226?
225
In base 16, what is 6ab8 - 6?
6ab2
In base 14, what is 36 - 10a?
-b4
In base 13, what is -2c3 - 3?
-2c6
In base 3, what is -121 - -2102211110?
2102210212
In base 14, what is -5 - -bd969?
bd964
In base 5, what is 23302020 - 3?
23302012
In base 7, what is 2 - 125163?
-125161
In base 8, what is -4 + 201776?
201772
In base 15, what is a + 59cd?
59d8
In base 4, what is -2101 - -1233?
-202
In base 4, what is -10103211 - 0?
-10103211
In base 16, what is 4c - -167?
1b3
In base 4, what is 3020212 - 1?
3020211
In base 11, what is 0 - -567?
567
In base 12, what is -4941a + -4?
-49422
In base 3, what is -101210121120 - -10?
-101210121110
In base 12, what is b20 - 8?
b14
In base 16, what is 16fab + f?
16fba
In base 2, what is 1100001011 - -100?
1100001111
In base 14, what is -5585 + 5?
-5580
In base 10, what is -442779 + 1?
-442778
In base 2, what is -11101101110 + -1011110?
-11111001100
In base 14, what is 5a - 115b?
-1101
In base 7, what is -1166 - 16310?
-20506
In base 10, what is -10825 + 31?
-10794
In base 12, what is b99 + -453?
746
In base 3, what is -212111200200 - 1?
-212111200201
In base 4, what is 3031 - 1011?
2020
In base 8, what is 6211 + -20?
6171
In base 8, what is 14 - 4745?
-4731
In base 14, what is 7b + -6069?
-5dcc
In base 2, what is -1010011001101 + 101011?
-1010010100010
In base 2, what is 11 - -1101010100101?
1101010101000
In base 14, what is 3a8c + 107?
3b95
In base 5, what is -314012 - -321?
-313141
In base 9, what is -3385 + -31?
-3426
In base 10, what is 11 + 106569?
106580
In base 4, what is -31302 - -211?
-31031
In base 3, what is -200020 + 1102012?
201222
In base 3, what is -12 + 1210022211?
1210022122
In base 9, what is -24 + 2068?
2044
In base 15, what is -2 + 7e5d?
7e5b
In base 7, what is 104 + -260?
-153
In base 9, what is 7 + 4045?
4053
In base 7, what is 10526 + -453?
10043
In base 15, what is -256 + 71?
-1d5
In base 10, what is -5 - 656248?
-656253
In base 7, what is -11 + -1203215?
-1203226
In base 11, what is 288 + 53?
330
In base 8, what is -1 - 2755?
-2756
In base 7, what is 14434253 - -4?
14434260
In base 11, what is 4 + -1aa2a4?
-1aa2a0
In base 9, what is 2 + 8618?
8621
In base 3, what is -2020000 + -11002?
-2101002
In base 11, what is 39a + -94?
306
In base 8, what is 6 + 225666?
225674
In base 2, what is 101 - 110111101100000?
-110111101011011
In base 11, what is 0 - 216a3?
-2